{"id":744,"date":"2018-07-09T15:01:10","date_gmt":"2018-07-09T12:01:10","guid":{"rendered":"https:\/\/pdo.cumhuriyet.edu.tr\/?page_id=744"},"modified":"2018-07-09T15:04:06","modified_gmt":"2018-07-09T12:04:06","slug":"universiteler-yetkinlik-analizi","status":"publish","type":"page","link":"https:\/\/pdo.cumhuriyet.edu.tr\/?page_id=744","title":{"rendered":"\u00dcniversiteler Yetkinlik Analizi"},"content":{"rendered":"<h2><a href=\"http:\/\/www.tubitak.gov.tr\/tr\/haber\/universite-yetkinlik-analizi-calismasi-yayinlandi\">\u00dcniversite Yetkinlik Analizi \u00c7al\u0131\u015fmas\u0131<\/a><\/h2>\n","protected":false},"excerpt":{"rendered":"<p>\u00dcniversite Yetkinlik Analizi \u00c7al\u0131\u015fmas\u0131<\/p>\n","protected":false},"author":1,"featured_media":0,"parent":0,"menu_order":0,"comment_status":"closed","ping_status":"closed","template":"","meta":{"footnotes":""},"class_list":["post-744","page","type-page","status-publish","hentry"],"_links":{"self":[{"href":"https:\/\/pdo.cumhuriyet.edu.tr\/index.php?rest_route=\/wp\/v2\/pages\/744","targetHints":{"allow":["GET"]}}],"collection":[{"href":"https:\/\/pdo.cumhuriyet.edu.tr\/index.php?rest_route=\/wp\/v2\/pages"}],"about":[{"href":"https:\/\/pdo.cumhuriyet.edu.tr\/index.php?rest_route=\/wp\/v2\/types\/page"}],"author":[{"embeddable":true,"href":"https:\/\/pdo.cumhuriyet.edu.tr\/index.php?rest_route=\/wp\/v2\/users\/1"}],"replies":[{"embeddable":true,"href":"https:\/\/pdo.cumhuriyet.edu.tr\/index.php?rest_route=%2Fwp%2Fv2%2Fcomments&post=744"}],"version-history":[{"count":3,"href":"https:\/\/pdo.cumhuriyet.edu.tr\/index.php?rest_route=\/wp\/v2\/pages\/744\/revisions"}],"predecessor-version":[{"id":747,"href":"https:\/\/pdo.cumhuriyet.edu.tr\/index.php?rest_route=\/wp\/v2\/pages\/744\/revisions\/747"}],"wp:attachment":[{"href":"https:\/\/pdo.cumhuriyet.edu.tr\/index.php?rest_route=%2Fwp%2Fv2%2Fmedia&parent=744"}],"curies":[{"name":"wp","href":"https:\/\/api.w.org\/{rel}","templated":true}]}}