{"id":373,"date":"2017-12-28T16:35:52","date_gmt":"2017-12-28T14:35:52","guid":{"rendered":"https:\/\/pdo.cumhuriyet.edu.tr\/?page_id=373"},"modified":"2020-01-31T13:08:25","modified_gmt":"2020-01-31T11:08:25","slug":"tubitak1000-org","status":"publish","type":"page","link":"https:\/\/pdo.cumhuriyet.edu.tr\/?page_id=373","title":{"rendered":"Tubitak Yard\u0131m"},"content":{"rendered":"<h2 id=\"page-title\" class=\"title\">T\u00dcB\u0130TAK Ba\u015fvuru Sihirbaz\u0131 ve Video Portal\u0131<\/h2>\n<p>T\u00dcB\u0130TAK taraf\u0131ndan y\u00fcr\u00fct\u00fclen proje, burs ve etkinlik destekleri ile \u00f6d\u00fcllere daha kolay ve h\u0131zl\u0131 eri\u015fim sa\u011flanabilmesi amac\u0131yla \u201cBa\u015fvuru Sihirbaz\u0131\u201d ve \u201cVideo Portal\u0131\u201d T\u00fcrk\u00e7e ve \u0130ngilizce olarak hizmet verecek \u015fekilde olu\u015fturularak, kullan\u0131ma a\u00e7\u0131lm\u0131\u015ft\u0131r.<\/p>\n<p><strong>1. Ba\u015fvuru Sihirbaz\u0131:<\/strong>\u00a0T\u00dcB\u0130TAK b\u00fcnyesinde yer alan t\u00fcm hibe destek, \u00f6d\u00fcl ve yar\u0131\u015fma programlar\u0131n\u0131n yer ald\u0131\u011f\u0131 ve\u00a0<a href=\"https:\/\/sihirbaz.tubitak.gov.tr\/\" target=\"_blank\" rel=\"noopener\">http:\/\/sihirbaz.tubitak.gov.tr<\/a>\u00a0adresinden ula\u015fabilece\u011finiz bir platform olup, T\u00dcB\u0130TAK\u2019tan destek almak isteyen ki\u015filerin\/kurulu\u015flar\u0131n kendi ihtiya\u00e7lar\u0131na en uygun se\u00e7enekleri sunmaktad\u0131r.<\/p>\n<p><strong>2. <\/strong>&#8220;T\u00dcB\u0130TAK&#8221; ait t\u00fcm programlar\u0131n ba\u015fvuru k\u0131lavuzlar\u0131na <a href=\"https:\/\/kilavuz.tubitak.gov.tr\/\"><strong>kilavuz.tubitak.gov.tr<\/strong><\/a> adresinden ula\u015fabilirsiniz.<\/p>\n<p><strong>3. Video Portal\u0131:<\/strong>\u00a0T\u00dcB\u0130TAK b\u00fcnyesinde g\u00f6rev yapan birimlerin destek s\u00fcre\u00e7lerinin, geli\u015fmelerin ve ba\u015far\u0131l\u0131 \u00f6rneklere ait videolar\u0131n\/animasyonlar\u0131n yer ald\u0131\u011f\u0131 ve\u00a0<a href=\"https:\/\/videoportal.tubitak.gov.tr\/\" target=\"_blank\" rel=\"noopener\">http:\/\/videoportal.tubitak.gov.tr<\/a>\u00a0adresinden ula\u015fabilece\u011finiz bir platformdur.<\/p>\n<p>Giri\u015fler i\u00e7in ARB\u0130S kayd\u0131n\u0131n olmas\u0131 gerekti\u011fini L\u00dcTFEN unutmay\u0131n\u0131z.<\/p>\n<div>4. ARDEB (Ara\u015ft\u0131rma Destek Programlar\u0131 Ba\u015fkanl\u0131\u011f\u0131) Ba\u015fvurular\u0131<\/div>\n<div><a id=\"LPlnk801559\" href=\"https:\/\/giris.tubitak.gov.tr\/kullaniciadiilegiris.htm\" target=\"_blank\" rel=\"noopener noreferrer\" data-auth=\"NotApplicable\">https:\/\/giris.tubitak.gov.tr\/kullaniciadiilegiris.htm<\/a><\/div>\n<div><\/div>\n<div>5. B\u0130DEB (Bilim \u0130nsan\u0131 Destekleme Daire Ba\u015fkanl\u0131\u011f\u0131) Ba\u015fvurular\u0131<\/div>\n<div><a href=\"https:\/\/e-bideb.tubitak.gov.tr\/giris.htm\" target=\"_blank\" rel=\"noopener noreferrer\" data-auth=\"NotApplicable\">https:\/\/e-bideb.tubitak.gov.tr\/giris.htm<\/a><\/div>\n<div><\/div>\n<div>6. TEYDEB (Teknoloji ve Yenilik Destek Programlar\u0131 Ba\u015fkanl\u0131\u011f\u0131) Ba\u015fvurular\u0131<\/div>\n<p><a href=\"https:\/\/eteydeb.tubitak.gov.tr\/teydebanasayfa.htm\" target=\"_blank\" rel=\"noopener noreferrer\" data-auth=\"NotApplicable\">https:\/\/eteydeb.tubitak.gov.tr\/teydebanasayfa.htm<\/a><\/p>\n<div>7. U\u0130DB (Uluslararas\u0131 \u0130\u015fbirli\u011fi Daire Ba\u015fkanl\u0131\u011f\u0131) Ba\u015fvurular\u0131<\/div>\n<div><a href=\"https:\/\/uidb-pbs.tubitak.gov.tr\/\" target=\"_blank\" rel=\"noopener noreferrer\" data-auth=\"NotApplicable\">https:\/\/uidb-pbs.tubitak.gov.tr\/<\/a><\/div>\n<div><\/div>\n<div>8 .Bilim ve Toplum Programlar\u0131 Ba\u015fvurular\u0131<\/div>\n<div><a href=\"https:\/\/bilimtoplum-pbs.tubitak.gov.tr\/\" target=\"_blank\" rel=\"noopener noreferrer\" data-auth=\"NotApplicable\">https:\/\/bilimtoplum-pbs.tubitak<\/a><a href=\"https:\/\/bilimtoplum-pbs.tubitak.gov.tr\/\" target=\"_blank\" rel=\"noopener noreferrer\" data-auth=\"NotApplicable\">.gov.tr\/<\/a><\/div>\n<div><\/div>\n<div>9. T\u00dcB\u0130TAK Forum<\/div>\n<div><a href=\"http:\/\/forum.tubitak.gov.tr\/\" target=\"_blank\" rel=\"noopener noreferrer\" data-auth=\"NotApplicable\">http:\/\/forum.tubitak.gov.tr\/<\/a><\/div>\n<div><\/div>\n<div>10. T\u00dcB\u0130TAK \u0130leti\u015fim Merkezi<\/div>\n<div><a href=\"https:\/\/tubimer.tubitak.gov.tr\/\" target=\"_blank\" rel=\"noopener noreferrer\" data-auth=\"NotApplicable\">https:\/\/tubimer.tubitak.gov.tr\/<\/a><\/div>\n<div><\/div>\n<div>11. Ba\u015fvuru K\u0131lavuzlar\u0131 (1001, 1002, 1005)<\/div>\n<div><a href=\"http:\/\/www.tubitak.gov.tr\/tr\/destekler\/akademik\/ulusal-destek-programlari\/icerik-basvuru-kilavuzlari\">http:\/\/www.tubitak.gov.tr\/tr\/destekler\/akademik\/ulusal-destek-programlari\/icerik-basvuru-kilavuzlari<\/a><\/div>\n<div><\/div>\n<div>Telefon<\/div>\n<div>4446690<\/div>\n<div><\/div>\n<div>KOTAMAT\u0130K<\/div>\n<div><a href=\"http:\/\/www.tubitak.gov.tr\/sites\/default\/files\/kotamatik_v2.xlsx\" target=\"_blank\" rel=\"noopener noreferrer\" data-auth=\"NotApplicable\">http:\/\/www.tubitak.gov.tr\/sites\/default\/files\/kotamatik_v2.xlsx<\/a><\/div>\n<p>&nbsp;<\/p>\n<p>&nbsp;<\/p>\n<p>2014 &#8211; 2016 y\u0131llar\u0131 aras\u0131nda \u00fcniversitemiz i\u00e7in ger\u00e7ekle\u015ftirilen 114 K 104 referansl\u0131 T\u00dcB\u0130TAK Proje Sayfas\u0131 i\u00e7in,<\/p>\n<h2><a href=\"http:\/\/tubitak1000.org\/\">http:\/\/tubitak1000.org\/<\/a><\/h2>\n","protected":false},"excerpt":{"rendered":"<p>T\u00dcB\u0130TAK Ba\u015fvuru Sihirbaz\u0131 ve Video Portal\u0131 T\u00dcB\u0130TAK taraf\u0131ndan y\u00fcr\u00fct\u00fclen proje, burs ve etkinlik destekleri ile \u00f6d\u00fcllere daha kolay ve h\u0131zl\u0131 eri\u015fim sa\u011flanabilmesi amac\u0131yla \u201cBa\u015fvuru Sihirbaz\u0131\u201d ve \u201cVideo Portal\u0131\u201d T\u00fcrk\u00e7e ve \u0130ngilizce olarak hizmet verecek \u015fekilde olu\u015fturularak, kullan\u0131ma a\u00e7\u0131lm\u0131\u015ft\u0131r. 1. Ba\u015fvuru Sihirbaz\u0131:\u00a0T\u00dcB\u0130TAK b\u00fcnyesinde yer alan t\u00fcm hibe destek, \u00f6d\u00fcl ve yar\u0131\u015fma programlar\u0131n\u0131n yer ald\u0131\u011f\u0131 ve\u00a0http:\/\/sihirbaz.tubitak.gov.tr\u00a0adresinden ula\u015fabilece\u011finiz [&hellip;]<\/p>\n","protected":false},"author":1,"featured_media":0,"parent":0,"menu_order":0,"comment_status":"closed","ping_status":"closed","template":"template-fullwidth.php","meta":{"footnotes":""},"class_list":["post-373","page","type-page","status-publish","hentry"],"_links":{"self":[{"href":"https:\/\/pdo.cumhuriyet.edu.tr\/index.php?rest_route=\/wp\/v2\/pages\/373","targetHints":{"allow":["GET"]}}],"collection":[{"href":"https:\/\/pdo.cumhuriyet.edu.tr\/index.php?rest_route=\/wp\/v2\/pages"}],"about":[{"href":"https:\/\/pdo.cumhuriyet.edu.tr\/index.php?rest_route=\/wp\/v2\/types\/page"}],"author":[{"embeddable":true,"href":"https:\/\/pdo.cumhuriyet.edu.tr\/index.php?rest_route=\/wp\/v2\/users\/1"}],"replies":[{"embeddable":true,"href":"https:\/\/pdo.cumhuriyet.edu.tr\/index.php?rest_route=%2Fwp%2Fv2%2Fcomments&post=373"}],"version-history":[{"count":9,"href":"https:\/\/pdo.cumhuriyet.edu.tr\/index.php?rest_route=\/wp\/v2\/pages\/373\/revisions"}],"predecessor-version":[{"id":1370,"href":"https:\/\/pdo.cumhuriyet.edu.tr\/index.php?rest_route=\/wp\/v2\/pages\/373\/revisions\/1370"}],"wp:attachment":[{"href":"https:\/\/pdo.cumhuriyet.edu.tr\/index.php?rest_route=%2Fwp%2Fv2%2Fmedia&parent=373"}],"curies":[{"name":"wp","href":"https:\/\/api.w.org\/{rel}","templated":true}]}}