{"id":310,"date":"2017-12-21T16:03:07","date_gmt":"2017-12-21T14:03:07","guid":{"rendered":"https:\/\/pdo.cumhuriyet.edu.tr\/?page_id=310"},"modified":"2017-12-21T16:03:07","modified_gmt":"2017-12-21T14:03:07","slug":"basarili-bilimsel-projeler-yazimi","status":"publish","type":"page","link":"https:\/\/pdo.cumhuriyet.edu.tr\/?page_id=310","title":{"rendered":"Ba\u015far\u0131l\u0131 Bilimsel Projeler Yaz\u0131m\u0131"},"content":{"rendered":"<p><a href=\"https:\/\/pdo.cumhuriyet.edu.tr\/wp-content\/uploads\/Ba\u015far\u0131l\u0131-Bilimsel-Proje-Yaz\u0131m\u0131-\u00c7eviren-Do\u00e7.-Dr.-Serkan-AKKOYUN.pdf\">Ba\u015far\u0131l\u0131 Bilimsel Proje Yaz\u0131m\u0131 &#8211; \u00c7eviren Do\u00e7. Dr. Serkan AKKOYUN<\/a><\/p>\n","protected":false},"excerpt":{"rendered":"<p>Ba\u015far\u0131l\u0131 Bilimsel Proje Yaz\u0131m\u0131 &#8211; \u00c7eviren Do\u00e7. Dr. Serkan AKKOYUN<\/p>\n","protected":false},"author":1,"featured_media":0,"parent":0,"menu_order":0,"comment_status":"closed","ping_status":"closed","template":"","meta":{"footnotes":""},"class_list":["post-310","page","type-page","status-publish","hentry"],"_links":{"self":[{"href":"https:\/\/pdo.cumhuriyet.edu.tr\/index.php?rest_route=\/wp\/v2\/pages\/310","targetHints":{"allow":["GET"]}}],"collection":[{"href":"https:\/\/pdo.cumhuriyet.edu.tr\/index.php?rest_route=\/wp\/v2\/pages"}],"about":[{"href":"https:\/\/pdo.cumhuriyet.edu.tr\/index.php?rest_route=\/wp\/v2\/types\/page"}],"author":[{"embeddable":true,"href":"https:\/\/pdo.cumhuriyet.edu.tr\/index.php?rest_route=\/wp\/v2\/users\/1"}],"replies":[{"embeddable":true,"href":"https:\/\/pdo.cumhuriyet.edu.tr\/index.php?rest_route=%2Fwp%2Fv2%2Fcomments&post=310"}],"version-history":[{"count":1,"href":"https:\/\/pdo.cumhuriyet.edu.tr\/index.php?rest_route=\/wp\/v2\/pages\/310\/revisions"}],"predecessor-version":[{"id":312,"href":"https:\/\/pdo.cumhuriyet.edu.tr\/index.php?rest_route=\/wp\/v2\/pages\/310\/revisions\/312"}],"wp:attachment":[{"href":"https:\/\/pdo.cumhuriyet.edu.tr\/index.php?rest_route=%2Fwp%2Fv2%2Fmedia&parent=310"}],"curies":[{"name":"wp","href":"https:\/\/api.w.org\/{rel}","templated":true}]}}