{"id":2255,"date":"2025-03-19T14:43:45","date_gmt":"2025-03-19T11:43:45","guid":{"rendered":"https:\/\/pdo.cumhuriyet.edu.tr\/?page_id=2255"},"modified":"2025-03-19T16:12:23","modified_gmt":"2025-03-19T13:12:23","slug":"1511-2","status":"publish","type":"page","link":"https:\/\/pdo.cumhuriyet.edu.tr\/?page_id=2255","title":{"rendered":"1511"},"content":{"rendered":"<p><strong>Program\u0131n Kapsam\u0131 ve Amac\u0131:<\/strong><\/p>\n<p>T\u00dcB\u0130TAK 1511 &#8211; Teknoloji Odakl\u0131 Sanayi Hamlesi Program\u0131, T\u00fcrkiye&#8217;de katma de\u011ferli \u00fcretimi art\u0131rmak amac\u0131yla, Bakanl\u0131k ve ba\u011fl\u0131 kurulu\u015flar (T\u00dcB\u0130TAK, KOSGEB) taraf\u0131ndan sa\u011flanan destek ve te\u015fviklerin tek bir platformda toplanarak, orta-y\u00fcksek ve y\u00fcksek teknoloji seviyeli sekt\u00f6rlere yo\u011funla\u015ft\u0131r\u0131lmas\u0131na y\u00f6nelik bir programd\u0131r. Bu program, T\u00fcrkiye&#8217;nin ihtiya\u00e7 duydu\u011fu teknolojik geli\u015fmelere katk\u0131 sa\u011flayacak, kritik \u00f6neme sahip \u00fcr\u00fcnlerin \u00fcretiminin art\u0131r\u0131lmas\u0131n\u0131 ve yeni \u00fcretim kabiliyetlerinin \u00fclkemize kazand\u0131r\u0131lmas\u0131n\u0131 ama\u00e7lamaktad\u0131r.<\/p>\n<p><strong>Destek Oran\u0131 ve Kapsam\u0131:<\/strong><\/p>\n<ul>\n<li><strong>Destek Oran\u0131:<\/strong> KOB\u0130&#8217;lere %75, b\u00fcy\u00fck \u00f6l\u00e7ekli firmalara ise %60 geri \u00f6demesiz (hibe) destek sa\u011flanmaktad\u0131r.<\/li>\n<li><strong>Desteklenen Giderler:<\/strong><\/li>\n<li>Personel giderleri<\/li>\n<li>Seyahat (sadece ula\u015f\u0131m) giderleri<\/li>\n<li>Alet, te\u00e7hizat, yaz\u0131l\u0131m ve yay\u0131n al\u0131m giderleri<\/li>\n<li>Yurti\u00e7indeki \u00fcniversiteler, T\u00dcB\u0130TAK\u2019a ba\u011fl\u0131 Ar-Ge birimleri, \u00f6zel sekt\u00f6r Ar-Ge kurulu\u015flar\u0131 gibi Ar-Ge kurumlar\u0131na yapt\u0131r\u0131lan hizmet giderleri<\/li>\n<li>Yurti\u00e7i ve yurtd\u0131\u015f\u0131 dan\u0131\u015fmanl\u0131k hizmetleri ve di\u011fer hizmet al\u0131m giderleri<\/li>\n<li>Malzeme ve sarf giderleri<\/li>\n<li>Ar-Ge faaliyetlerini destekleyen proje genel giderleri (projede ger\u00e7ekle\u015fen elektrik, su, gaz, bak\u0131m-onar\u0131m, haberle\u015fme vb. giderler)<\/li>\n<\/ul>\n<p><strong>Destek S\u00fcresi:<\/strong><\/p>\n<p>Destek s\u00fcresi, \u00e7a\u011fr\u0131 duyurusunda belirtilen s\u00fcre \u00fcst s\u0131n\u0131r\u0131 kadar olabilmektedir. 2021 y\u0131l\u0131nda yay\u0131mlanan \u00e7a\u011fr\u0131larda bu s\u00fcre 36 ay olarak belirlenmi\u015ftir.<\/p>\n<p><strong>Ekonomik Fizibilite Raporu ve Ba\u011f\u0131ms\u0131z De\u011ferlendirme:<\/strong><\/p>\n<ul>\n<li><strong>Ekonomik Fizibilite Raporu:<\/strong><\/li>\n<\/ul>\n<p>Ekonomik fizibilite raporunun sunulmas\u0131 i\u00e7in belirlenen b\u00fct\u00e7e s\u0131n\u0131r\u0131 100.000 TL&#8217;dir. Bu rapor, proje ekonomisinin detayl\u0131 \u015fekilde sunulmas\u0131n\u0131 sa\u011flar.<\/p>\n<ul>\n<li><strong>Ba\u011f\u0131ms\u0131z De\u011ferlendirme Raporu:<\/strong><\/li>\n<\/ul>\n<p>Ba\u011f\u0131ms\u0131z de\u011ferlendirme raporu, b\u00fcy\u00fck \u00f6l\u00e7ekli firmalar i\u00e7in Y\u00f6netim Kurulu taraf\u0131ndan belirlenen tutar kadar desteklenmektedir.<\/p>\n<p><strong>Transfer \u00d6demesi:<\/strong><\/p>\n<p>Proje b\u00fct\u00e7esinin art\u0131r\u0131lm\u0131\u015f kalan b\u00fct\u00e7esinin %30\u2019u (maksimum 40.000.000 TL) oran\u0131nda transfer \u00f6demesi yap\u0131labilir. Bu \u00f6deme, projenin ba\u015flang\u0131c\u0131nda veya belirli bir a\u015famada yap\u0131labilir.<\/p>\n<p><strong>Genel Gider Deste\u011fi:<\/strong><\/p>\n<p>Proje genel giderleri, projenin her bir a\u015famas\u0131nda belirlenen harcama tutar\u0131n\u0131n %10&#8217;u kadar desteklenir. Bu tutar, her d\u00f6nemin desteklemeye esas harcama tutar\u0131na eklenir.<\/p>\n<p><strong>Proje S\u00fcresi \u00dcst S\u0131n\u0131r\u0131:<\/strong><\/p>\n<p>\u00c7a\u011fr\u0131l\u0131 duyurusunda belirtilen s\u00fcre \u00fcst s\u0131n\u0131r\u0131 kadar olup, 2021 y\u0131l\u0131 i\u00e7in bu s\u00fcre 36 ay olarak belirlenmi\u015ftir.<\/p>\n<ul>\n<li><strong>Proje B\u00fct\u00e7esi \u00dcst Limiti:<\/strong> Belirli bir \u00fcst b\u00fct\u00e7e s\u0131n\u0131r\u0131 bulunmamaktad\u0131r.<\/li>\n<li><strong>Destek Oran\u0131:<\/strong><\/li>\n<li>KOB\u0130&#8217;ler i\u00e7in %75<\/li>\n<li>B\u00fcy\u00fck \u00f6l\u00e7ekli firmalar i\u00e7in %60<\/li>\n<li><strong>Genel Gider Deste\u011fi:<\/strong> Proje genel giderlerine %10 destek sa\u011flanmaktad\u0131r.<\/li>\n<li><strong>Ekonomik Fizibilite Raporu Sunma B\u00fct\u00e7e S\u0131n\u0131r\u0131:<\/strong> 000.000 TL<\/li>\n<li><strong>Ekonomik Fizibilite Raporu Deste\u011fi:<\/strong> 000 TL<\/li>\n<li><strong>Ba\u011f\u0131ms\u0131z De\u011ferlendirme Raporu Deste\u011fi:<\/strong> 000 TL<\/li>\n<li><strong>Yerli Mal\u0131 Deste\u011fi:<\/strong> %15<\/li>\n<li><strong>Transfer \u00d6demesi \u00dcst S\u0131n\u0131r\u0131:<\/strong> Proje b\u00fct\u00e7esinin\/Art\u0131r\u0131lm\u0131\u015f kalan b\u00fct\u00e7enin %30\u2019u kadar (maksimum 40.000.000 TL olabilir)<\/li>\n<li><strong>Senetle Transfer \u00d6demesi \u00dcst S\u0131n\u0131r\u0131:<\/strong> 400.000 TL<\/li>\n<\/ul>\n<p><strong>Proje Ba\u015fvuru ve De\u011ferlendirme S\u00fcreci<\/strong><\/p>\n<ol>\n<li><strong>\u00c7a\u011fr\u0131 Duyurusu, <\/strong><a href=\"http:\/\/www.hamle.gov.tr\/\">hamle.gov.tr<\/a> internet adresinde yay\u0131mlan\u0131r.<\/li>\n<li><strong>Ba\u015fvuru Yeri, <\/strong>Teknoloji Odakl\u0131 Sanayi Hamlesi Program\u0131 web sitesinde bulunan Program Portal\u0131 uygulamas\u0131 \u00fczerinden \u00e7evrim i\u00e7i olarak al\u0131nmaktad\u0131r.<\/li>\n<li><strong>Proje Ba\u015fvurusu i\u00e7in \u00d6n Kay\u0131t ve Yetkilendirme<\/strong><\/li>\n<\/ol>\n<ul>\n<li>Proje ba\u015fvurular\u0131 i\u00e7in \u00f6n kay\u0131t ve yetkilendirme s\u00fcre\u00e7leri T.C. Sanayi ve Teknoloji Bakanl\u0131\u011f\u0131 taraf\u0131ndan y\u00fcr\u00fct\u00fcl\u00fcr.<\/li>\n<li>T\u00dcB\u0130TAK taraf\u0131ndan \u00f6n kay\u0131t i\u015flemi yap\u0131lmaz.<\/li>\n<li>Ba\u015fvurular, firmalar ad\u0131na yetkilendirilmi\u015f ki\u015filer taraf\u0131ndan Program Portal\u0131 \u00fczerinden yap\u0131lacakt\u0131r.<\/li>\n<\/ul>\n<ol start=\"4\">\n<li><strong>Ba\u015fvuru S\u00fcreci<\/strong><\/li>\n<\/ol>\n<ul>\n<li>\u00c7a\u011fr\u0131 kapsam\u0131nda yaln\u0131zca T\u00fcrkiye\u2019de yerle\u015fik sermaye \u015firketleri ba\u015fvurabilecektir.<\/li>\n<li>Ba\u015fvurular, \u00e7a\u011fr\u0131 takvimi d\u00e2hilinde \u00f6n ba\u015fvuru ve kesin ba\u015fvuru a\u015famalar\u0131n\u0131n tamamlanmas\u0131yla al\u0131nacakt\u0131r.<\/li>\n<\/ul>\n<ol start=\"5\">\n<li><strong>Proje \u00d6neri Bilgileri Formu<\/strong><\/li>\n<\/ol>\n<p>Kesin ba\u015fvuru s\u00fcresi i\u00e7erisinde, Ar-Ge deste\u011fi talep eden firmalar Ar-Ge s\u00fcrecine ili\u015fkin formlar\u0131n\u0131 Program Portal\u0131 \u00fczerinden eksiksiz olarak tamamlamal\u0131d\u0131r. Proje \u00f6neri bilgileri formunun PROD\u0130S \u00fczerinden g\u00f6nderildi\u011fi tarih, ba\u015fvuru tarihi olarak kabul edilir.<\/p>\n<ol start=\"6\">\n<li><strong>De\u011ferlendirme ve Karar S\u00fcreci<\/strong><\/li>\n<\/ol>\n<p>Kesin ba\u015fvurusu tamamlanan projeler de\u011ferlendirilir. Proje konusu \u00fcr\u00fcn\u00fcn \u00fcretilebilmesi i\u00e7in Ar-Ge gereksinimi oldu\u011fu durumlarda, T\u00dcB\u0130TAK Ar-Ge de\u011ferlendirmesi yapar. Projeler, \u00f6n inceleme ve hakem de\u011ferlendirmesinin ard\u0131ndan Ar-Ge k\u0131sm\u0131 \u00fc\u00e7 boyut alt\u0131nda de\u011ferlendirilir:<\/p>\n<ul>\n<li>End\u00fcstriyel Ar-Ge i\u00e7eri\u011fi, teknoloji d\u00fczeyi ve yenilik\u00e7i y\u00f6n\u00fc<\/li>\n<li>Proje plan\u0131 ve kurulu\u015fun altyap\u0131s\u0131n\u0131n uygunlu\u011fu<\/li>\n<li>Proje \u00e7\u0131kt\u0131lar\u0131n\u0131n ekonomik yarar ve ulusal kazan\u0131ma d\u00f6n\u00fc\u015febilirli\u011fi<\/li>\n<\/ul>\n<ol start=\"7\">\n<li><strong>Karar Sonu\u00e7lar\u0131n\u0131n Kurulu\u015flara \u0130letilmesi<\/strong><\/li>\n<\/ol>\n<p>Desteklenmeye hak kazanan projeler i\u00e7in Destek Karar Yaz\u0131s\u0131 ve Proje S\u00f6zle\u015fmesi kurulu\u015fa iletilir. Desteklenmeye hak kazanamayan projeler i\u00e7in ret gerek\u00e7eleri bildirilir.<\/p>\n<ol start=\"8\">\n<li><strong>Proje S\u00f6zle\u015fmesi<\/strong><\/li>\n<\/ol>\n<p>Firma, iki n\u00fcsha proje s\u00f6zle\u015fmesini imzalar ve T\u00dcB\u0130TAK\u2019a geri iletir. T\u00dcB\u0130TAK taraf\u0131ndan da s\u00f6zle\u015fme imzalanarak destek s\u00fcreci ba\u015flat\u0131l\u0131r.<\/p>\n<ol start=\"9\">\n<li><strong>Proje Destek S\u00fcreci<\/strong><\/li>\n<\/ol>\n<p>Desteklenen projelerde, firmalar \u00f6nce projeyle ilgili harcamalar\u0131 yapar, ard\u0131ndan ilgili belgeleri T\u00dcB\u0130TAK\u2019a sunar. Proje izlenir ve d\u00f6nemsel ger\u00e7ekle\u015fen Ar-Ge faaliyetleri ile harcamalar i\u00e7eren AGY311 formlar\u0131 ile destek \u00f6demesi yap\u0131l\u0131r.<\/p>\n<p>D\u00f6nemler:<\/p>\n<ol>\n<li>D\u00f6nem: 01 Ocak &#8211; 30 Haziran<\/li>\n<li>D\u00f6nem: 01 Temmuz &#8211; 31 Aral\u0131k Destek \u00f6demeleri i\u00e7in AGY311 Ar-Ge Yard\u0131m\u0131 \u0130stek Formlar\u0131 en ge\u00e7, ger\u00e7ekle\u015fme d\u00f6nemini takip eden ikinci ay\u0131n sonuna kadar T\u00dcB\u0130TAK\u2019a sunulur.<\/li>\n<\/ol>\n<p><strong>Kimler Ba\u015fvurabilir?<\/strong><\/p>\n<p>\u00d6ncelikli Alanlar Ar-Ge Projeleri Destekleme Program\u0131 Uygulama Esaslar\u0131nda belirtilen \u015fartlar\u0131 sa\u011flayan, firma d\u00fczeyinde katma de\u011fer olu\u015fturan T\u00fcrkiye\u2019de yerle\u015fik t\u00fcm sermaye \u015firketleri proje ba\u015fvurusunda bulunabilir.<\/p>\n<p><a href=\"https:\/\/tubitak.gov.tr\/tr\">https:\/\/tubitak.gov.tr\/tr<\/a><\/p>\n","protected":false},"excerpt":{"rendered":"<p>Program\u0131n Kapsam\u0131 ve Amac\u0131: T\u00dcB\u0130TAK 1511 &#8211; Teknoloji Odakl\u0131 Sanayi Hamlesi Program\u0131, T\u00fcrkiye&#8217;de katma de\u011ferli \u00fcretimi art\u0131rmak amac\u0131yla, Bakanl\u0131k ve ba\u011fl\u0131 kurulu\u015flar (T\u00dcB\u0130TAK, KOSGEB) taraf\u0131ndan sa\u011flanan destek ve te\u015fviklerin tek bir platformda toplanarak, orta-y\u00fcksek ve y\u00fcksek teknoloji seviyeli sekt\u00f6rlere yo\u011funla\u015ft\u0131r\u0131lmas\u0131na y\u00f6nelik bir programd\u0131r. Bu program, T\u00fcrkiye&#8217;nin ihtiya\u00e7 duydu\u011fu teknolojik geli\u015fmelere katk\u0131 sa\u011flayacak, kritik \u00f6neme sahip [&hellip;]<\/p>\n","protected":false},"author":1,"featured_media":0,"parent":2193,"menu_order":0,"comment_status":"closed","ping_status":"closed","template":"","meta":{"footnotes":""},"class_list":["post-2255","page","type-page","status-publish","hentry"],"_links":{"self":[{"href":"https:\/\/pdo.cumhuriyet.edu.tr\/index.php?rest_route=\/wp\/v2\/pages\/2255","targetHints":{"allow":["GET"]}}],"collection":[{"href":"https:\/\/pdo.cumhuriyet.edu.tr\/index.php?rest_route=\/wp\/v2\/pages"}],"about":[{"href":"https:\/\/pdo.cumhuriyet.edu.tr\/index.php?rest_route=\/wp\/v2\/types\/page"}],"author":[{"embeddable":true,"href":"https:\/\/pdo.cumhuriyet.edu.tr\/index.php?rest_route=\/wp\/v2\/users\/1"}],"replies":[{"embeddable":true,"href":"https:\/\/pdo.cumhuriyet.edu.tr\/index.php?rest_route=%2Fwp%2Fv2%2Fcomments&post=2255"}],"version-history":[{"count":2,"href":"https:\/\/pdo.cumhuriyet.edu.tr\/index.php?rest_route=\/wp\/v2\/pages\/2255\/revisions"}],"predecessor-version":[{"id":2325,"href":"https:\/\/pdo.cumhuriyet.edu.tr\/index.php?rest_route=\/wp\/v2\/pages\/2255\/revisions\/2325"}],"up":[{"embeddable":true,"href":"https:\/\/pdo.cumhuriyet.edu.tr\/index.php?rest_route=\/wp\/v2\/pages\/2193"}],"wp:attachment":[{"href":"https:\/\/pdo.cumhuriyet.edu.tr\/index.php?rest_route=%2Fwp%2Fv2%2Fmedia&parent=2255"}],"curies":[{"name":"wp","href":"https:\/\/api.w.org\/{rel}","templated":true}]}}