{"id":179,"date":"2017-12-13T08:43:36","date_gmt":"2017-12-13T06:43:36","guid":{"rendered":"https:\/\/pdo.cumhuriyet.edu.tr\/?page_id=179"},"modified":"2018-12-28T09:05:35","modified_gmt":"2018-12-28T07:05:35","slug":"vakiflar","status":"publish","type":"page","link":"https:\/\/pdo.cumhuriyet.edu.tr\/?page_id=179","title":{"rendered":"Vak\u0131flar"},"content":{"rendered":"<p><strong>Toplum G\u00f6n\u00fcll\u00fcleri Vakf\u0131 :<\/strong><a href=\"https:\/\/www.tog.org.tr\/\">\u00a0https:\/\/www.tog.org.tr\/<\/a><\/p>\n<p><strong>Sabanc\u0131 Vakf\u0131\u00a0:<\/strong>\u00a0<a href=\"http:\/\/www.sabancivakfi.org\/\">http:\/\/www.sabancivakfi.org\/<\/a><\/p>\n<p><strong>Ko\u00e7 Vakf\u0131 :<\/strong><a href=\"http:\/\/www.koc.com.tr\/\">\u00a0http:\/\/www.koc.com.tr\/<\/a><\/p>\n<p><strong>T\u00fcrkiye Vodafone Vakf\u0131 :<\/strong>\u00a0<a href=\"http:\/\/www.turkiyevodafonevakfi.org.tr\/\">http:\/\/www.turkiyevodafonevakfi.org.tr\/<\/a><\/p>\n<p><strong>WWF T\u00fcrkiye :<\/strong>\u00a0<a href=\"http:\/\/www.turkiyenincani.org\/\">http:\/\/www.turkiyenincani.org\/<\/a><\/p>\n<p><strong>T\u00fcrkiye Aile Sa\u011fl\u0131\u011f\u0131 ve Planlamas\u0131 Vakf\u0131 :\u00a0<\/strong><a href=\"http:\/\/tapv.org.tr\/\">http:\/\/tapv.org.tr\/<\/a><\/p>\n<p><strong>K\u00fcresel \u00c7evre Fonu (Global Environment Facility &#8211; GEF) :\u00a0<\/strong><a href=\"http:\/\/gefsgp.com\/\">http:\/\/gefsgp.com\/<\/a><\/p>\n<p><strong>T\u00fcrkiye Teknoloji Geli\u015ftirme Vakf\u0131 :\u00a0<\/strong><a href=\"http:\/\/www.ttgv.org.tr\/tr\">http:\/\/www.ttgv.org.tr\/tr<\/a><\/p>\n<p><strong>T\u00fcrkiye Fulbright E\u011fitim Komisyonu:\u00a0<\/strong><a href=\"https:\/\/fulbright.org.tr\/\">https:\/\/fulbright.org.tr\/<\/a><\/p>\n","protected":false},"excerpt":{"rendered":"<p>Toplum G\u00f6n\u00fcll\u00fcleri Vakf\u0131 :\u00a0https:\/\/www.tog.org.tr\/ Sabanc\u0131 Vakf\u0131\u00a0:\u00a0http:\/\/www.sabancivakfi.org\/ Ko\u00e7 Vakf\u0131 :\u00a0http:\/\/www.koc.com.tr\/ T\u00fcrkiye Vodafone Vakf\u0131 :\u00a0http:\/\/www.turkiyevodafonevakfi.org.tr\/ WWF T\u00fcrkiye :\u00a0http:\/\/www.turkiyenincani.org\/ T\u00fcrkiye Aile Sa\u011fl\u0131\u011f\u0131 ve Planlamas\u0131 Vakf\u0131 :\u00a0http:\/\/tapv.org.tr\/ K\u00fcresel \u00c7evre Fonu (Global Environment Facility &#8211; GEF) :\u00a0http:\/\/gefsgp.com\/ T\u00fcrkiye Teknoloji Geli\u015ftirme Vakf\u0131 :\u00a0http:\/\/www.ttgv.org.tr\/tr T\u00fcrkiye Fulbright E\u011fitim Komisyonu:\u00a0https:\/\/fulbright.org.tr\/<\/p>\n","protected":false},"author":1,"featured_media":0,"parent":0,"menu_order":0,"comment_status":"closed","ping_status":"closed","template":"","meta":{"footnotes":""},"class_list":["post-179","page","type-page","status-publish","hentry"],"_links":{"self":[{"href":"https:\/\/pdo.cumhuriyet.edu.tr\/index.php?rest_route=\/wp\/v2\/pages\/179","targetHints":{"allow":["GET"]}}],"collection":[{"href":"https:\/\/pdo.cumhuriyet.edu.tr\/index.php?rest_route=\/wp\/v2\/pages"}],"about":[{"href":"https:\/\/pdo.cumhuriyet.edu.tr\/index.php?rest_route=\/wp\/v2\/types\/page"}],"author":[{"embeddable":true,"href":"https:\/\/pdo.cumhuriyet.edu.tr\/index.php?rest_route=\/wp\/v2\/users\/1"}],"replies":[{"embeddable":true,"href":"https:\/\/pdo.cumhuriyet.edu.tr\/index.php?rest_route=%2Fwp%2Fv2%2Fcomments&post=179"}],"version-history":[{"count":6,"href":"https:\/\/pdo.cumhuriyet.edu.tr\/index.php?rest_route=\/wp\/v2\/pages\/179\/revisions"}],"predecessor-version":[{"id":944,"href":"https:\/\/pdo.cumhuriyet.edu.tr\/index.php?rest_route=\/wp\/v2\/pages\/179\/revisions\/944"}],"wp:attachment":[{"href":"https:\/\/pdo.cumhuriyet.edu.tr\/index.php?rest_route=%2Fwp%2Fv2%2Fmedia&parent=179"}],"curies":[{"name":"wp","href":"https:\/\/api.w.org\/{rel}","templated":true}]}}